eds digit of k?
1
What is the tens digit of (2/(-9)*3)/((-13641992)/3410484 + 4)?
0
Suppose -3*b = -4*b - 2*f + 230, 0 = f - 1. Let v = b - -122. Suppose -v = -h - 6*h. What is the tens digit of h?
5
Let k(j) = -j**3 - 24*j**2 - 179*j + 88. What is the thousands digit of k(-34)?
7
Let t(f) be the first derivative of 3*f**2 - 1/3*f**3 - 17 - 1/2*f**4 + 9*f. What is the tens digit of t(-3)?
3
Let k = 836 + -833. Let w be -3*(2 - 3) + 3. Suppose -4*a + w*v = 2*v - 160, -v = k*a - 124. What is the tens digit of a?
4
Let n = -142 - -812. Let i be (10*8/320)/((-9)/(-180)). Suppose -i*f + n = -435. What is the tens digit of f?
2
Let k(r) = -r**3 - 36*r**2 + 569*r - 167. What is the ten thousands digit of k(-52)?
1
Let z = 21770 + -14698. What is the thousands digit of z?
7
What is the hundreds digit of ((-2)/(-6) + (-259)/(-15))/(23742/23445225)?
3
Let h = 13845 + -13540. What is the tens digit of h?
0
Let v = -2510 + 3716. Suppose -48*n - v = -50*n. What is the hundreds digit of n?
6
Let h = 16 + -22. Let g be (141 - 0)/(((-27)/h)/3). Let k = -40 + g. What is the tens digit of k?
5
What is the units digit of 491046/46 - 24/(-276)?
5
Suppose 30*k + 96 = 28*k. Let g = 88 + k. Suppose -2*n + 2*p + g = 0, 2*n + 3*p = -2*p + 19. What is the tens digit of n?
1
What is the units digit of (-7120)/64*(-2112)/60?
6
Let c(r) = -r**3 - 14*r**2 - 15*r + 17. Let v be c(-13). Suppose -v*t - 873 = -40*t. Let y = 449 + t. What is the tens digit of y?
5
What is the tens digit of 69/18 - 3 - (-66854)/12?
7
Let b = -16 - -20. Suppose 0 = -n - b + 8. Suppose -4*m - n*z + 632 = -2*z, 5*m - 792 = -2*z. What is the tens digit of m?
6
Let k be ((-10)/4 - -3)*(-20)/(-2). Let h(o) = 6*o**2 + 6*o - 12. Let m be h(k). Suppose -4*p + m = -p. What is the tens digit of p?
5
Let g be 24 - (5 + -3) - 2/1. What is the hundreds digit of 30/(-9)*(-2976)/g + 2?
4
Suppose -14*m + 64 - 22 = 0. Suppose -s + 2*h + 39 = 0, m*h + 12 = 6*h. What is the units digit of s?
7
Let t = 52 + -51. Suppose 0 = 9*m - 10*m + t. What is the tens digit of (-1795)/(-20) - (m/(-4))/1?
9
Suppose 4*t - t = 5*u + 4, 0 = 3*t + 4*u - 13. Suppose -2 = -q + t. Suppose q*k - 43 - 112 = 0. What is the units digit of k?
1
Let b(z) = z**2 + 7*z + 13. Let h be b(-5). Suppose 0 = x - g - 454, -h*x + 5*g - 2260 = -8*x. What is the units digit of x?
3
Let n(c) = -15*c. Let j = 56 - 46. Suppose 2*u = j - 24. What is the units digit of n(u)?
5
Let m(z) be the second derivative of 19*z**4/12 - z**3/2 - 9*z**2/2 - 9*z. What is the tens digit of m(-5)?
8
Suppose -5*u + 8*u = 6. Suppose -4*h + 2*c + 2 = -2, u*c + 4 = -2*h. Suppose -v - v - 2*n + 210 = 0, 4*v + 2*n - 410 = h. What is the tens digit of v?
0
Let v = 48 - 46. Let d be 11/4 + v/8. Suppose -51 = d*k - 174. What is the tens digit of k?
4
Let g = 318 + -386. What is the units digit of 2/17 + (-1 - 3256/g)?
7
Suppose 4 = -23*b + 50. Let a(k) = 449*k**2 + 6*k - 17. What is the units digit of a(b)?
1
Let y(j) = 2438*j**2 + 4*j + 149. What is the tens digit of y(6)?
4
Let j be 21/(-18)*2*-3. Let q be 4 + -4 + -2 + j. Suppose 2*i + 3*p - 281 + 6 = 0, q*i = -p + 694. What is the units digit of i?
9
Let o = -1496 + 880. Let p = o + 1491. Suppose 5*s - x - p = -3*x, 860 = 5*s + 5*x. What is the units digit of s?
7
Let n(u) = 358*u**2 - 5*u - 66. What is the tens digit of n(-5)?
0
Let i be (-540)/(-2) + 1/1. Let y be (665/(-10))/19*-14. Suppose -3*c + i = y. What is the units digit of c?
4
Let a = 24788 - 11515. What is the hundreds digit of a?
2
Let n be 66*((-246)/(-18) - -1). Suppose 692 + n = 5*i. What is the tens digit of i?
3
Suppose 2*a = 4*d + 4406, -8*a + 4*a = 5*d + 5488. Let g = -603 - d. What is the units digit of g?
7
Let w(k) = k**3 - 4*k**2 + 15*k - 57. Let v be w(4). Suppose y - 58 = -s, -61 - 119 = -v*y + 3*s. What is the units digit of y?
9
Suppose -61*q + 152418 = -19*q. What is the tens digit of q?
2
Suppose -6609 = -8*w + 24255. What is the hundreds digit of w?
8
Suppose -5 = 5*z - 8*z - 5*s, 0 = 3*z + 4*s - 4. Suppose -320 = -5*f + 5*a, -a - 5 + 3 = z. What is the units digit of f?
2
Suppose -15*i + 11*i - 5*h = 98, -3*i = 5*h + 71. Let s be 2 + (53*4)/2. Let b = s - i. What is the units digit of b?
5
Let n = 19380 - 11926. What is the tens digit of n?
5
Let q be ((-6)/(-7))/((-5)/((-350)/15)). Suppose -365 = -4*k - 3*c, c = q - 9. What is the units digit of k?
5
Let u = 20604 + -18989. What is the tens digit of u?
1
Let d(w) = -5*w**2 + 79*w - 8. Let x be d(15). Suppose 3*m + 31 = -2*o - 2*o, 0 = -m + 3. Let c = x + o. What is the tens digit of c?
4
What is the tens digit of (-2382910)/(-90) - 6/(-81)*3?
7
Suppose 0 = 5*z + 8*d - 3*d - 80, -4*d = 5*z - 79. Suppose z*b = 19*b - 400. What is the tens digit of b?
0
Let l be (-398)/(-4)*10/5. Suppose 121*z - 115*z - 588 = 0. Let s = l - z. What is the units digit of s?
1
Let w(i) be the first derivative of i**2 - 18*i + 10. Let b be w(15). What is the tens digit of ((2/(-3))/2)/(b/(-1404))?
3
Let i(h) = -2163*h + 272. What is the units digit of i(-16)?
0
Let p = 5488 + -1735. What is the tens digit of p?
5
What is the thousands digit of (-1 - -6670) + (23 - (4 - -26))?
6
Let q be 2 - (-5 - (8 - 3)) - 2. Suppose q*i - 8027 = -1367. What is the units digit of i?
6
Suppose -5*j + 11 + 32 = -3*v, -4*j = -v - 40. Suppose -57 - 559 = -j*i. Suppose -3*g + 500 = 5*c, -c + g - i + 148 = 0. What is the units digit of c?
7
What is the tens digit of (((-408)/(-14))/3)/(1 + (-14878)/14882)?
4
Suppose k - 24540 = -5*m, -m = -k + 5295 + 19221. What is the tens digit of k/(-16)*8/(-20)?
1
Suppose 0*m - 820 = -4*m. Suppose 2*h + 466 = -4*w, -593 = 5*w - 33*h + 32*h. Let u = w + m. What is the tens digit of u?
8
Let w(s) = s**2 - 10*s + 8. Suppose 5*r = -4*j + 43, -2*r + 0 = -6. Let a be w(j). Let k = 29 + a. What is the tens digit of k?
1
Suppose 38*p - 33*p = c + 16740, 2*p + 4*c - 6674 = 0. What is the thousands digit of p?
3
Let i(c) = -19 - 83249*c**3 + 83248*c**3 - 5*c**2 - 3*c**2 + 2*c**2 - 10*c. Suppose 0*j = -4*j - 24. What is the units digit of i(j)?
1
Suppose 0 = 12*m - 94 - 2. Suppose 5 = 2*r + 3*r. What is the tens digit of ((-830)/(-8) + (-6)/m)/r?
0
Suppose w = -4, 28*c - 2*w - 120 = 24*c. Let z(g) = 4*g - 4. Let q be z(4). Let f = c - q. What is the tens digit of f?
1
Suppose -141*z + 138*z - 1485 = 0. Let f = z - -1083. What is the units digit of f?
8
Suppose 2*r + 2*c = 178, -4*r + 5*c - 157 + 549 = 0. Let f = 43 - 61. Let t = r - f. What is the tens digit of t?
1
Let k(a) = 445*a**2 + 49*a - 636. What is the tens digit of k(11)?
4
Let p(q) = -q**3 + 7*q**2 + 12*q + 54. Let m be p(9). Suppose -11*c + 689 - 62 = m. What is the units digit of c?
7
Let v(a) = -a**2 - 7*a + 52. Let d be v(-11). What is the units digit of 1004/d + 2/4?
6
Let x be (-23 + 13)*(-6)/4. Suppose -2*l - 3*r - x = 4, -2*r - 16 = 2*l. Let f = l - -19. What is the tens digit of f?
1
Let k be -3 - (5 + (-12)/3). Let o(h) = -2*h - 5. Let s be o(k). Suppose r - 547 = -5*z + 52, 361 = s*z + r. What is the hundreds digit of z?
1
Suppose 8*h = 37 - 13. What is the hundreds digit of -4 + (1 + h)/1 + 432?
4
Suppose 52*l + 101803 = 65*l. What is the hundreds digit of l?
8
Let y = 1698 + 9629. What is the hundreds digit of y?
3
Let i = -2847 + 4116. Let q = i + -717. What is the units digit of q?
2
Let b = -9 + 33. Let f be (-4)/(-24) - 2620/b. Let l = f - -227. What is the units digit of l?
8
Let r = -176 - -60. Let v = r - -118. Suppose -v*i = -7*i + 1380. What is the hundreds digit of i?
2
Let f(w) = -2*w**3 + 36*w**2 - 16. Let v be f(18). Let y(a) = a + 25. Let c be y(v). Let r = c - 7. What is the units digit of r?
2
Let z = -232 - -235. Suppose -1728 = -c - 4*c - 3*i, 5*i = z*c - 1064. What is the hundreds digit of c?
3
Suppose 63 - 1586 = -3*r - 5*h, 4*r + 6*h = 2030. What is the tens digit of r?
0
Let r be (1*-2)/((-1)/(-2)). Let z(w) = -9*w**2 + 2*w - 14. Let k(t) = -8*t**2 + t - 13. Let g(v) = -7*k(v) + 6*z(v). What is the tens digit of g(r)?
1
Let u = -19 + 7. Let q be (u/10)/(9/(-960)). Suppose -41 = s - q. What is the tens digit of s?
8
What is the thousands digit of (-96291)/(-26) - 23/(-46)?
3
What is the tens digit of 11228/42*48/32?
0
Let c be 3*(-8 + (-352)/(-24)). Suppose v + c*p - 19*p - 1236 = 0, 4942 = 4*v + 2*p. What is the